3
What is the remainder when 24035815 is divided by 73?
54
Calculate the remainder when 3256345 is divided by 831.
487
Calculate the remainder when 8793693 is divided by 517276.
1
Calculate the remainder when 103504 is divided by 1399.
1377
What is the remainder when 166352 is divided by 793?
615
What is the remainder when 10578045 is divided by 25800?
45
Calculate the remainder when 19272042 is divided by 28636.
14
Calculate the remainder when 49082 is divided by 6068.
538
What is the remainder when 19838635 is divided by 12564?
79
What is the remainder when 10495943 is divided by 64?
7
Calculate the remainder when 37371 is divided by 80.
11
What is the remainder when 17075947 is divided by 57?
1
What is the remainder when 9731 is divided by 729?
254
Calculate the remainder when 749808 is divided by 1034.
158
What is the remainder when 1145473 is divided by 2594?
1519
Calculate the remainder when 20950907 is divided by 1340.
7
What is the remainder when 159316786 is divided by 419?
416
Calculate the remainder when 1226514 is divided by 147.
93
Calculate the remainder when 11345097 is divided by 77177.
78
Calculate the remainder when 3815930 is divided by 3815920.
10
Calculate the remainder when 12944102 is divided by 482.
474
Calculate the remainder when 924458 is divided by 638.
634
Calculate the remainder when 106323542 is divided by 214795.
17
Calculate the remainder when 9610751 is divided by 3371.
30
What is the remainder when 90472 is divided by 1921?
185
What is the remainder when 201575149 is divided by 472?
469
What is the remainder when 1199727 is divided by 46?
1
What is the remainder when 59470707 is divided by 8?
3
Calculate the remainder when 13443953 is divided by 173.
123
Calculate the remainder when 4118948 is divided by 112.
36
What is the remainder when 1820 is divided by 16?
12
What is the remainder when 940383 is divided by 2399?
2374
What is the remainder when 102328924 is divided by 5385732?
16
Calculate the remainder when 561686 is divided by 185054.
6524
Calculate the remainder when 12698 is divided by 12281.
417
What is the remainder when 17516037 is divided by 10?
7
What is the remainder when 13333049 is divided by 20?
9
Calculate the remainder when 63025 is divided by 12579.
130
Calculate the remainder when 2612120 is divided by 87070.
20
Calculate the remainder when 40715 is divided by 40150.
565
What is the remainder when 109572 is divided by 294?
204
Calculate the remainder when 275330 is divided by 21.
20
What is the remainder when 665915 is divided by 80?
75
What is the remainder when 20049325 is divided by 82?
79
Calculate the remainder when 19730760 is divided by 839.
836
Calculate the remainder when 743720 is divided by 247891.
47
Calculate the remainder when 7786 is divided by 619.
358
What is the remainder when 5233560 is divided by 1744456?
192
What is the remainder when 7736131 is divided by 2270?
2241
What is the remainder when 1453248 is divided by 484393?
69
Calculate the remainder when 719414 is divided by 870.
794
Calculate the remainder when 535774 is divided by 267464.
846
What is the remainder when 404130 is divided by 181?
138
What is the remainder when 18645323 is divided by 67801?
48
Calculate the remainder when 10863919 is divided by 327.
325
Calculate the remainder when 7356 is divided by 6034.
1322
What is the remainder when 768628078 is divided by 9977?
9975
Calculate the remainder when 4667990 is divided by 22228.
110
Calculate the remainder when 21947047 is divided by 10973515.
17
What is the remainder when 240603 is divided by 234?
51
What is the remainder when 262585 is divided by 746?
739
Calculate the remainder when 2014003 is divided by 23.
8
What is the remainder when 70941503 is divided by 1767?
1754
Calculate the remainder when 13100 is divided by 578.
384
What is the remainder when 1365254 is divided by 272873?
889
What is the remainder when 4256519 is divided by 798?
785
Calculate the remainder when 639900918 is divided by 5.
3
Calculate the remainder when 7065593 is divided by 9626.
109
Calculate the remainder when 65864 is divided by 9228.
1268
What is the remainder when 403463 is divided by 3103?
73
Calculate the remainder when 1247397 is divided by 388.
365
Calculate the remainder when 136661 is divided by 12415.
96
Calculate the remainder when 7382821 is divided by 22.
17
What is the remainder when 6671328 is divided by 1450?
1328
Calculate the remainder when 40768837 is divided by 40768824.
13
What is the remainder when 30762 is divided by 25?
12
What is the remainder when 35782034 is divided by 8945507?
6
Calculate the remainder when 27011996 is divided by 812.
4
What is the remainder when 64212046 is divided by 11033?
11019
Calculate the remainder when 35571 is divided by 7066.
241
Calculate the remainder when 30753904 is divided by 303.
10
Calculate the remainder when 58489472 is divided by 20.
12
What is the remainder when 18991155 is divided by 93?
90
Calculate the remainder when 1816453 is divided by 58.
9
Calculate the remainder when 53748103 is divided by 219380.
3
What is the remainder when 1033126 is divided by 1004?
10
What is the remainder when 144747760 is divided by 65143?
14
Calculate the remainder when 3265945 is divided by 4474.
4399
Calculate the remainder when 164935 is divided by 8680.
15
What is the remainder when 621659 is divided by 103608?
11
What is the remainder when 42161 is divided by 4202?
141
What is the remainder when 245175 is divided by 12716?
3571
Calculate the remainder when 2164329 is divided by 5818.
33
What is the remainder when 6878908 is divided by 341?
256
Calculate the remainder when 36452 is divided by 133.
10
What is the remainder when 64092 is divided by 1071?
903
What is the remainder when 26964 is divided by 8?
4
What is the remainder when 130493 is divided by 43386?
335
What is the remainder when 3205040 is divided by 1427?
1425
What is the remainder when 797899 is divided by 1962?
1327
What is the remainder when 287533875 is divided by 1337?
1329
What is the remainder when 90543164 is divided by 29833?
9
What is the remainder when 51577282 is divided by 12657?
7
Calculate the remainder when 39658 is divided by 2070.
328
What is the remainder when 1894263 is divided by 1893970?
293
What is the remainder when 7482660 is divided by 7893?
96
What is the remainder when 147917 is divided by 17461?
8229
Calculate the remainder when 691464 is divided by 605.
554
Calculate the remainder when 87245 is divided by 315.
305
Calculate the remainder when 3242311 is divided by 3127.
2739
Calculate the remainder when 12381368 is divided by 627.
626
Calculate the remainder when 1370871 is divided by 57103.
399
Calculate the remainder when 1757548 is divided by 2507.
141
Calculate the remainder when 6499 is divided by 519.
271
What is the remainder when 1316872 is divided by 1395?
1387
Calculate the remainder when 465248 is divided by 901.
332
Calculate the remainder when 1170962 is divided by 1301.
62
Calculate the remainder when 4576488 is divided by 8956.
8928
What is the remainder when 23844735 is divided by 252?
243
What is the remainder when 1050692 is divided by 18430?
182
What is the remainder when 1573225 is divided by 314?
85
Calculate the remainder when 53754 is divided by 1469.
870
What is the remainder when 1266460 is divided by 14?
6
Calculate the remainder when 4127585 is divided by 264.
209
Calculate the remainder when 1190408 is divided by 297581.
84
Calculate the remainder when 2896379 is divided by 4843.
265
Calculate the remainder when 25656348 is divided by 76.
40
Calculate the remainder when 52992717 is divided by 88.
85
What is the remainder when 70171 is divided by 2915?
211
Calculate the remainder when 298477649 is divided by 10.
9
What is the remainder when 486392 is divided by 9177?
11
Calculate the remainder when 62277 is divided by 20345.
1242
What is the remainder when 456917 is divided by 456889?
28
What is the remainder when 3406923 is divided by 1212?
1203
What is the remainder when 1154173 is divided by 577057?
59
What is the remainder when 33285507 is divided by 11095167?
6
Calculate the remainder when 441125 is divided by 147038.
11
Calculate the remainder when 229789 is divided by 76511.
256
Calculat